{"id":12,"date":"2022-12-14T13:39:58","date_gmt":"2022-12-14T12:39:58","guid":{"rendered":"http:\/\/solidarilait.ateliercommun.fr\/?page_id=12"},"modified":"2026-03-24T10:31:19","modified_gmt":"2026-03-24T09:31:19","slug":"reunions-rencontres","status":"publish","type":"page","link":"https:\/\/www.solidarilait-bearn.org\/index.php\/reunions-rencontres\/","title":{"rendered":"R\u00e9unions-rencontres"},"content":{"rendered":"<p>[et_pb_section fb_built=&#8221;1&#8243; _builder_version=&#8221;3.22.7&#8243;][et_pb_row custom_padding=&#8221;|5%||5%&#8221; _builder_version=&#8221;3.22.7&#8243;][et_pb_column type=&#8221;4_4&#8243; _builder_version=&#8221;3.22.7&#8243;][et_pb_post_title meta=&#8221;off&#8221; _builder_version=&#8221;3.22.7&#8243; title_font=&#8221;|700|||||||&#8221; title_font_size=&#8221;36px&#8221; title_letter_spacing=&#8221;-1px&#8221;][\/et_pb_post_title][et_pb_text _builder_version=&#8221;3.22.7&#8243; text_font=&#8221;||||||||&#8221; text_font_size=&#8221;20px&#8221;]<\/p>\n<p>Venez \u00e9changer vos exp\u00e9riences et remarques, venez vous informer avec une animatrice et un petit groupe de futurs parents ou de m\u00e8res allaitantes. Vous pourrez y poser toutes vos questions,\u00a0 apprendre des choses sur les diff\u00e9rentes fa\u00e7ons de conduire un allaitement, la parentalit\u00e9\u2026<\/p>\n<p>Ces r\u00e9unions sont bienveillantes et\u00a0<mark style=\"background-color: #0693e3;\" class=\"has-inline-color has-white-color\"><strong>gratuites<\/strong> <\/mark>.<\/p>\n<p>[\/et_pb_text][et_pb_text _builder_version=&#8221;3.22.7&#8243; text_font=&#8221;||||||||&#8221; text_font_size=&#8221;20px&#8221; header_font=&#8221;||||||||&#8221; header_3_font=&#8221;|700|||||||&#8221; header_3_font_size=&#8221;28px&#8221; background_image=&#8221;http:\/\/www.solidarilait-bearn.org\/wp-content\/uploads\/2022\/12\/fond.png&#8221; background_size=&#8221;initial&#8221; background_repeat=&#8221;repeat&#8221; custom_padding=&#8221;20px|20px|20px|20px|true|true&#8221;]<\/p>\n<h3 style=\"text-align: center;\">A Pau, les lundis<\/h3>\n<p style=\"text-align: center;\">Au Centre Social JOYEUX BEARN,\u00a0 Espace des 1000 Premiers Jours, 1 avenue de Saragosse<br \/> Rencontre chaque premier lundi du mois de 14h \u00e0 16h<\/p>\n<p style=\"text-align: center;\">Inscription conseill\u00e9e par t\u00e9l\u00e9phone au 05 59 02 70 89 ou par e-mail : espace1000jourspau@gmail.com<\/p>\n<p>[\/et_pb_text][et_pb_text _builder_version=&#8221;3.22.7&#8243; text_font=&#8221;||||||||&#8221; text_font_size=&#8221;20px&#8221; header_font=&#8221;||||||||&#8221; header_3_font=&#8221;|700|||||||&#8221; header_3_font_size=&#8221;28px&#8221; background_image=&#8221;http:\/\/www.solidarilait-bearn.org\/wp-content\/uploads\/2022\/12\/fond.png&#8221; background_size=&#8221;initial&#8221; background_repeat=&#8221;repeat&#8221; custom_padding=&#8221;20px|20px|20px|20px|true|true&#8221;]<\/p>\n<h3 style=\"text-align: center;\">A Soumoulou, les mercredis<\/h3>\n<p style=\"text-align: center;\">Au cabinet de sages-femmes, 54 rue de l&#8217;Ayguelongue<br \/> Rencontre chaque troisi\u00e8me mercredi du mois de 9h30 \u00e0 11h<\/p>\n<p style=\"text-align: center;\">Entr\u00e9e libre sans inscription<\/p>\n<p style=\"text-align: center;\">\n<p>[\/et_pb_text][et_pb_text _builder_version=&#8221;3.22.7&#8243; text_font=&#8221;||||||||&#8221; text_font_size=&#8221;20px&#8221; header_font=&#8221;||||||||&#8221; header_3_font=&#8221;|700|||||||&#8221; header_3_font_size=&#8221;28px&#8221; background_image=&#8221;http:\/\/www.solidarilait-bearn.org\/wp-content\/uploads\/2022\/12\/fond.png&#8221; background_size=&#8221;initial&#8221; background_repeat=&#8221;repeat&#8221; custom_padding=&#8221;20px|20px|20px|20px|true|true&#8221;]<\/p>\n<h3 style=\"text-align: center;\"><span style=\"font-size: 28px;\">A Poey de Lescar, les vendredis<\/span><\/h3>\n<p style=\"text-align: center;\">Maison B\u00e9arnaise, 43 rue principale<br \/>En collaboration avec l&#8217;association Reco-naissance<\/p>\n<p style=\"text-align: center;\"><a href=\"https:\/\/www.helloasso.com\/associations\/reco-naissance\">Dates et inscription via helloasso<\/a>\u00a0<\/p>\n<p style=\"text-align: center;\">\n<p>[\/et_pb_text][et_pb_text _builder_version=&#8221;3.22.7&#8243; text_font=&#8221;||||||||&#8221; text_font_size=&#8221;20px&#8221;]<\/p>\n<p style=\"text-align: center;\"><em>Si jour f\u00e9ri\u00e9, report\u00e9es au lundi ou mercredi suivant \u2013 Pas de rencontres en ao\u00fbt<\/em><\/p>\n<p>[\/et_pb_text][\/et_pb_column][\/et_pb_row][\/et_pb_section]<\/p>\n","protected":false},"excerpt":{"rendered":"<p>[et_pb_section fb_built=&#8221;1&#8243; _builder_version=&#8221;3.22.7&#8243;][et_pb_row custom_padding=&#8221;|5%||5%&#8221; _builder_version=&#8221;3.22.7&#8243;][et_pb_column type=&#8221;4_4&#8243; _builder_version=&#8221;3.22.7&#8243;][et_pb_post_title meta=&#8221;off&#8221; _builder_version=&#8221;3.22.7&#8243; title_font=&#8221;|700|||||||&#8221; title_font_size=&#8221;36px&#8221; title_letter_spacing=&#8221;-1px&#8221;][\/et_pb_post_title][et_pb_text _builder_version=&#8221;3.22.7&#8243; text_font=&#8221;||||||||&#8221; text_font_size=&#8221;20px&#8221;] Venez \u00e9changer vos exp\u00e9riences et remarques, venez vous informer avec une animatrice et un petit groupe de futurs parents ou de m\u00e8res allaitantes. Vous pourrez y poser toutes vos questions,\u00a0 apprendre des choses sur les diff\u00e9rentes fa\u00e7ons de conduire un [&hellip;]<\/p>\n","protected":false},"author":2,"featured_media":0,"parent":0,"menu_order":0,"comment_status":"closed","ping_status":"closed","template":"","meta":{"_et_pb_use_builder":"on","_et_pb_old_content":"<!-- wp:paragraph -->\n<p>Venez \u00e9changer vos exp\u00e9riences et remarques, venez vous informer avec une animatrice et un petit groupe de futurs parents ou de m\u00e8res allaitantes. Vous pourrez y poser toutes vos questions,&nbsp; apprendre des choses sur les diff\u00e9rentes fa\u00e7ons de conduire un allaitement, la parentalit\u00e9\u2026 <\/p>\n<!-- \/wp:paragraph -->\n\n<!-- wp:paragraph -->\n<p>Ces r\u00e9unions sont bienveillantes, constructives, <mark style=\"background-color:#0693e3\" class=\"has-inline-color has-white-color\"> <strong>gratuites<\/strong> <\/mark> et <mark style=\"background-color:#0693e3\" class=\"has-inline-color has-white-color\"> <strong>sans inscription<\/strong> <\/mark>.<\/p>\n<!-- \/wp:paragraph -->\n\n<!-- wp:spacer {\"height\":\"65px\"} -->\n<div style=\"height:65px\" aria-hidden=\"true\" class=\"wp-block-spacer\"><\/div>\n<!-- \/wp:spacer -->\n\n<!-- wp:table -->\n<figure class=\"wp-block-table\"><table><tbody><tr><td><strong>A Pau<\/strong>, au Centre Social JOYEUX BEARN, 1 avenue de Saragosse<br>Rencontre chaque premier lundi du mois de 14h \u00e0 16h<\/td><\/tr><tr><td><strong>A Soumoulou<\/strong>, cabinet de sages-femmes, 40 avenue Lasbordes<br>Rencontre chaque troisi\u00e8me mercredi du mois de 9h30 \u00e0 11h<\/td><\/tr><\/tbody><\/table><\/figure>\n<!-- \/wp:table -->\n\n<!-- wp:paragraph -->\n<p><em>Si jour f\u00e9ri\u00e9, report\u00e9es au lundi ou mercredi suivant - Pas de rencontres en ao\u00fbt<\/em><\/p>\n<!-- \/wp:paragraph -->\n\n<!-- wp:spacer {\"height\":\"342px\"} -->\n<div style=\"height:342px\" aria-hidden=\"true\" class=\"wp-block-spacer\"><\/div>\n<!-- \/wp:spacer -->","footnotes":""},"class_list":["post-12","page","type-page","status-publish","hentry"],"_links":{"self":[{"href":"https:\/\/www.solidarilait-bearn.org\/index.php\/wp-json\/wp\/v2\/pages\/12","targetHints":{"allow":["GET"]}}],"collection":[{"href":"https:\/\/www.solidarilait-bearn.org\/index.php\/wp-json\/wp\/v2\/pages"}],"about":[{"href":"https:\/\/www.solidarilait-bearn.org\/index.php\/wp-json\/wp\/v2\/types\/page"}],"author":[{"embeddable":true,"href":"https:\/\/www.solidarilait-bearn.org\/index.php\/wp-json\/wp\/v2\/users\/2"}],"replies":[{"embeddable":true,"href":"https:\/\/www.solidarilait-bearn.org\/index.php\/wp-json\/wp\/v2\/comments?post=12"}],"version-history":[{"count":27,"href":"https:\/\/www.solidarilait-bearn.org\/index.php\/wp-json\/wp\/v2\/pages\/12\/revisions"}],"predecessor-version":[{"id":251,"href":"https:\/\/www.solidarilait-bearn.org\/index.php\/wp-json\/wp\/v2\/pages\/12\/revisions\/251"}],"wp:attachment":[{"href":"https:\/\/www.solidarilait-bearn.org\/index.php\/wp-json\/wp\/v2\/media?parent=12"}],"curies":[{"name":"wp","href":"https:\/\/api.w.org\/{rel}","templated":true}]}}

Réunions-rencontres

<p>[et_pb_section fb_built=&#8221;1&#8243; _builder_version=&#8221;3.22.7&#8243;][et_pb_row custom_padding=&#8221;|5%||5%&#8221; _builder_version=&#8221;3.22.7&#8243;][et_pb_column type=&#8221;4_4&#8243; _builder_version=&#8221;3.22.7&#8243;][et_pb_post_title meta=&#8221;off&#8221; _builder_version=&#8221;3.22.7&#8243; title_font=&#8221;|700|||||||&#8221; title_font_size=&#8221;36px&#8221; title_letter_spacing=&#8221;-1px&#8221;][/et_pb_post_title][et_pb_text _builder_version=&#8221;3.22.7&#8243; text_font=&#8221;||||||||&#8221; text_font_size=&#8221;20px&#8221;]</p>
<p>Venez échanger vos expériences et remarques, venez vous informer avec une animatrice et un petit groupe de futurs parents ou de mères allaitantes. Vous pourrez y poser toutes vos questions,  apprendre des choses sur les différentes façons de conduire un allaitement, la parentalité…</p>
<p>Ces réunions sont bienveillantes et <mark style="background-color: #0693e3;" class="has-inline-color has-white-color"><strong>gratuites</strong> </mark>.</p>
<p>[/et_pb_text][et_pb_text _builder_version=&#8221;3.22.7&#8243; text_font=&#8221;||||||||&#8221; text_font_size=&#8221;20px&#8221; header_font=&#8221;||||||||&#8221; header_3_font=&#8221;|700|||||||&#8221; header_3_font_size=&#8221;28px&#8221; background_image=&#8221;http://www.solidarilait-bearn.org/wp-content/uploads/2022/12/fond.png&#8221; background_size=&#8221;initial&#8221; background_repeat=&#8221;repeat&#8221; custom_padding=&#8221;20px|20px|20px|20px|true|true&#8221;]</p>
<h3 style="text-align: center;">A Pau, les lundis</h3>
<p style="text-align: center;">Au Centre Social JOYEUX BEARN,  Espace des 1000 Premiers Jours, 1 avenue de Saragosse<br /> Rencontre chaque premier lundi du mois de 14h à 16h</p>
<p style="text-align: center;">Inscription conseillée par téléphone au 05 59 02 70 89 ou par e-mail : espace1000jourspau@gmail.com</p>
<p>[/et_pb_text][et_pb_text _builder_version=&#8221;3.22.7&#8243; text_font=&#8221;||||||||&#8221; text_font_size=&#8221;20px&#8221; header_font=&#8221;||||||||&#8221; header_3_font=&#8221;|700|||||||&#8221; header_3_font_size=&#8221;28px&#8221; background_image=&#8221;http://www.solidarilait-bearn.org/wp-content/uploads/2022/12/fond.png&#8221; background_size=&#8221;initial&#8221; background_repeat=&#8221;repeat&#8221; custom_padding=&#8221;20px|20px|20px|20px|true|true&#8221;]</p>
<h3 style="text-align: center;">A Soumoulou, les mercredis</h3>
<p style="text-align: center;">Au cabinet de sages-femmes, 54 rue de l&#8217;Ayguelongue<br /> Rencontre chaque troisième mercredi du mois de 9h30 à 11h</p>
<p style="text-align: center;">Entrée libre sans inscription</p>
<p style="text-align: center;">
<p>[/et_pb_text][et_pb_text _builder_version=&#8221;3.22.7&#8243; text_font=&#8221;||||||||&#8221; text_font_size=&#8221;20px&#8221; header_font=&#8221;||||||||&#8221; header_3_font=&#8221;|700|||||||&#8221; header_3_font_size=&#8221;28px&#8221; background_image=&#8221;http://www.solidarilait-bearn.org/wp-content/uploads/2022/12/fond.png&#8221; background_size=&#8221;initial&#8221; background_repeat=&#8221;repeat&#8221; custom_padding=&#8221;20px|20px|20px|20px|true|true&#8221;]</p>
<h3 style="text-align: center;"><span style="font-size: 28px;">A Poey de Lescar, les vendredis</span></h3>
<p style="text-align: center;">Maison Béarnaise, 43 rue principale<br />En collaboration avec l&#8217;association Reco-naissance</p>
<p style="text-align: center;"><a href="https://www.helloasso.com/associations/reco-naissance">Dates et inscription via helloasso</a> </p>
<p style="text-align: center;">
<p>[/et_pb_text][et_pb_text _builder_version=&#8221;3.22.7&#8243; text_font=&#8221;||||||||&#8221; text_font_size=&#8221;20px&#8221;]</p>
<p style="text-align: center;"><em>Si jour férié, reportées au lundi ou mercredi suivant – Pas de rencontres en août</em></p>
<p>[/et_pb_text][/et_pb_column][/et_pb_row][/et_pb_section]</p>

<p>[et_pb_section fb_built=&#8221;1&#8243; _builder_version=&#8221;3.22.7&#8243;][et_pb_row custom_padding=&#8221;|5%||5%&#8221; _builder_version=&#8221;3.22.7&#8243;][et_pb_column type=&#8221;4_4&#8243; _builder_version=&#8221;3.22.7&#8243;][et_pb_post_title meta=&#8221;off&#8221; _builder_version=&#8221;3.22.7&#8243; title_font=&#8221;|700|||||||&#8221; title_font_size=&#8221;36px&#8221; title_letter_spacing=&#8221;-1px&#8221;][/et_pb_post_title][et_pb_text _builder_version=&#8221;3.22.7&#8243; text_font=&#8221;||||||||&#8221; text_font_size=&#8221;20px&#8221;] Venez échanger vos expériences et remarques, venez vous informer avec une animatrice et un petit groupe de futurs parents ou de mères allaitantes. Vous pourrez y poser toutes vos questions,  apprendre des choses sur les différentes façons de conduire un [&hellip;]</p>

<!-- wp:paragraph -->
<p>Venez échanger vos expériences et remarques, venez vous informer avec une animatrice et un petit groupe de futurs parents ou de mères allaitantes. Vous pourrez y poser toutes vos questions,&nbsp; apprendre des choses sur les différentes façons de conduire un allaitement, la parentalité… </p>
<!-- /wp:paragraph -->

<!-- wp:paragraph -->
<p>Ces réunions sont bienveillantes, constructives, <mark style="background-color:#0693e3" class="has-inline-color has-white-color"> <strong>gratuites</strong> </mark> et <mark style="background-color:#0693e3" class="has-inline-color has-white-color"> <strong>sans inscription</strong> </mark>.</p>
<!-- /wp:paragraph -->

<!-- wp:spacer {"height":"65px"} -->
<div style="height:65px" aria-hidden="true" class="wp-block-spacer"></div>
<!-- /wp:spacer -->

<!-- wp:table -->
<figure class="wp-block-table"><table><tbody><tr><td><strong>A Pau</strong>, au Centre Social JOYEUX BEARN, 1 avenue de Saragosse<br>Rencontre chaque premier lundi du mois de 14h à 16h</td></tr><tr><td><strong>A Soumoulou</strong>, cabinet de sages-femmes, 40 avenue Lasbordes<br>Rencontre chaque troisième mercredi du mois de 9h30 à 11h</td></tr></tbody></table></figure>
<!-- /wp:table -->

<!-- wp:paragraph -->
<p><em>Si jour férié, reportées au lundi ou mercredi suivant - Pas de rencontres en août</em></p>
<!-- /wp:paragraph -->

<!-- wp:spacer {"height":"342px"} -->
<div style="height:342px" aria-hidden="true" class="wp-block-spacer"></div>
<!-- /wp:spacer -->
